-21701455?
21701462
In base 15, what is 488337 + -a?
48832c
In base 15, what is 7 + 56330?
56337
In base 4, what is 30212 - -33322323?
100013201
In base 8, what is -176232 - -225?
-176005
In base 16, what is 7e07dc - 5?
7e07d7
In base 10, what is 32 - 452988?
-452956
In base 11, what is -812 + 9816?
9004
In base 6, what is 55451 + 44253?
144144
In base 14, what is d + 14c309?
14c318
In base 14, what is -2941811d + -5?
-29418124
In base 3, what is 1101111122 - -200121?
1102012020
In base 15, what is 56e29 + 12?
56e3b
In base 3, what is 10 + 102222212002211?
102222212002221
In base 14, what is 662 - 786?
-124
In base 7, what is 151412 + 5?
151420
In base 8, what is -1725034 - 120?
-1725154
In base 14, what is 148a285 + 3?
148a288
In base 8, what is -4103 - -405614?
401511
In base 15, what is -4b2a64 - 0?
-4b2a64
In base 5, what is -14 - -302433301?
302433232
In base 7, what is -3054541654 + 2?
-3054541652
In base 10, what is 20608 + -1241?
19367
In base 7, what is -5 - -3003555?
3003550
In base 16, what is -118c + -bb5?
-1d41
In base 8, what is 36666276 - -47?
36666345
In base 2, what is 100000011100101110 + 100010111101?
100000111111101011
In base 8, what is 33220 + 6062?
41302
In base 11, what is -2834a036 + 8?
-2834a029
In base 16, what is -23 + -66f47c?
-66f49f
In base 5, what is 3233122 + 242?
3233414
In base 4, what is -1320313 - -203201?
-1111112
In base 10, what is -4 + -1311982?
-1311986
In base 11, what is -170 + -482917?
-482a87
In base 11, what is -20 - -1258a?
1256a
In base 7, what is 554 + 255646?
256533
In base 13, what is 148c20 + 40?
148c60
In base 5, what is -312 - -10000220?
4444403
In base 4, what is -2331 + 102111223?
102102232
In base 16, what is -26f4a5b - 1?
-26f4a5c
In base 7, what is -232611 + 306?
-232302
In base 16, what is -ad + 2c689?
2c5dc
In base 3, what is 100221200221 - 2100?
100221121121
In base 4, what is -211011 - 102022003?
-102233020
In base 8, what is 36 + 32467170?
32467226
In base 12, what is -906 - 3153?
-3a59
In base 15, what is 122845 + 6?
12284b
In base 7, what is -113515416 + 0?
-113515416
In base 12, what is 1 + -2094671a?
-20946719
In base 11, what is 2 + -61622a0?
-6162299
In base 14, what is -a790521 - -4?
-a79051b
In base 6, what is -15052131 + -255?
-15052430
In base 8, what is -130574653 + -1?
-130574654
In base 13, what is 36 + -28005?
-27c9c
In base 15, what is -2326ac - 5e?
-23271b
In base 7, what is -46036006 - -5?
-46036001
In base 15, what is -27ac7 + -3a?
-27b12
In base 13, what is -121b + 68970?
67752
In base 5, what is -444130013 - -4?
-444130004
In base 12, what is 118a4423 - 3?
118a4420
In base 16, what is 1e9477 + -5?
1e9472
In base 4, what is 3300020121203 + 12?
3300020121221
In base 6, what is -54251143512 + 5?
-54251143503
In base 15, what is -3333a51 + -3?
-3333a54
In base 13, what is -4 + -17592259?
-17592260
In base 12, what is 8 + 5465ba5b?
5465ba67
In base 6, what is -42400252 - -24?
-42400224
In base 14, what is -122 - -cd86?
cc64
In base 2, what is -10 - -11010011110000100011011011?
11010011110000100011011001
In base 7, what is 14104 + 21163?
35300
In base 13, what is -214 + 5609?
53c5
In base 7, what is -12333 + 251132?
235466
In base 12, what is 3 + 19080563?
19080566
In base 8, what is 105442 - 432?
105010
In base 16, what is ba - -30b3?
316d
In base 10, what is 212765 + 9?
212774
In base 6, what is -32535 - -4400?
-24135
In base 14, what is -304 - -16392?
1608c
In base 3, what is -22221001 - -10120222021?
10021001020
In base 8, what is 0 - 127517065?
-127517065
In base 7, what is 1024 + -11626?
-10602
In base 12, what is -98b + -55325?
-560b4
In base 3, what is -21211120121 + 20111110?
-21121002011
In base 11, what is 111872 + -15?
111858
In base 11, what is 5143674 + -69?
5143606
In base 8, what is 11614530 - 13?
11614515
In base 5, what is -10212120 - -24312?
-10132303
In base 4, what is -1100211331320 - 3?
-1100211331323
In base 11, what is -2aa73a + 117?
-2aa623
In base 2, what is -1010100110 + -101011111010?
-110110100000
In base 2, what is 11110111 + -10011000010010100000100?
-10011000010010000001101
In base 11, what is -18607 + -180a?
-1a316
In base 10, what is 31310479 + 2?
31310481
In base 9, what is -14134 + -10234?
-24368
In base 7, what is -2304 + -4106?
-6413
In base 14, what is 4 - 28b9a4?
-28b9a0
In base 7, what is 1 + -4152665060?
-4152665056
In base 7, what is -320001 - 6133?
-326134
In base 9, what is 125555016 - -3?
125555020
In base 9, what is 4 + -5340228?
-5340224
In base 9, what is 202476 - -343?
202830
In base 11, what is -70113 + 110?
-70003
In base 11, what is 485 + 28159?
28633
In base 3, what is 10112 - 1121100021120?
-1121100011001
In base 5, what is 123122334 - 2443?
123114341
In base 10, what is -98790 + 548?
-98242
In base 11, what is 3 - 3a40134?
-3a40131
In base 2, what is -10001111000111111 + 1100110?
-10001110111011001
In base 10, what is 73545832 + -7?
73545825
In base 5, what is -31 - 111330121?
-111330202
In base 15, what is -2 - -4e24ec5?
4e24ec3
In base 6, what is -11451054 - 22?
-11451120
In base 6, what is -153555230 + -20?
-153555250
In base 4, what is 213133123 - -1201?
213200330
In base 2, what is -100 + -11111001110011100111111?
-11111001110011101000011
In base 13, what is -66b790b - 0?
-66b790b
In base 11, what is 7a7772 - 0?
7a7772
In base 11, what is 182 + -1537099?
-1536a17
In base 13, what is -17c01009 + 0?
-17c01009
In base 10, what is -228460 + 189?
-228271
In base 16, what is d5065 + 47f?
d54e4
In base 7, what is 5 + -1414423421?
-1414423413
In base 5, what is 3 + -12222343342?
-12222343334
In base 7, what is 54454550 + -30?
54454520
In base 8, what is -1074475 - -240?
-1074235
In base 9, what is 106174 - -706?
106881
In base 9, what is 4515664 - -3?
4515667
In base 2, what is -11 + -111100000101011000101100?
-111100000101011000101111
In base 15, what is 8aca + 110?
8bda
In base 3, what is -120221 - -2210200?
2012202
In base 14, what is -12 + -32d8cb?
-32d8dd
In base 10, what is 6469356 + 1?
6469357
In base 14, what is 2 + -4cc71?
-4cc6d
In base 16, what is 94fac6 + 3d?
94fb03
In base 9, what is 238705275 + 2?
238705277
In base 8, what is 4745255541 + -3?
4745255536
In base 10, what is -2 - 1207333?
-1207335
In base 8, what is 26 - -1570013?
1570041
In base 2, what is 11011111011111010 + 110011010101?
11100101111001111
In base 6, what is -1 + -1432524455?
-1432524500
In base 10, what is -256 - -9765?
9509
In base 5, what is -3 + -2330222142?
-2330222200
In base 14, what is -14b5 + -4b?
-1522
In base 5, what is -30142 + -23103411?
-23134103
In base 5, what is 122023143312 - -2?
122023143314
In base 7, what is -13 + -204463203?
-204463216
In base 15, what is -781ea - 1239?
-79434
In base 13, what is 270 - 520783?
-520513
In base 11, what is -11835 - -222?
-11613
In base 13, what is 36ac + -3b9c0?
-38311
In base 2, what is -110011101001 + -1100001001?
-111111110010
In base 15, what is -6524d5e - 4?
-6524d63
In base 13, what is -30156a + 8?
-301562
In base 11, what is -36 - -1642a1?
164266
In base 16, what is -6 + -54d86?
-54d8c
In base 5, what is 4 - 1124010221?
-1124010212
In base 14, what is -45d29 - 162?
-4608b
In base 8, what is -45 + -31365322?
-31365367
In base 16, what is 1f659885 + -5?
1f659880
In base 7, what is 56651236 + 12?
56651251
In base 8, what is 16247270 + 3?
16247273
In base 5, what is 423 - -141131430?
141132403
In base 4, what is 122001 + -20232222?
-20110221
In base 3, what is 10 - 200111122222121?
-200111122222111
In base 10, what is -125394090 - 1?
-125394091
In base 2, what is 1111111100 + 110100111001?
1000100110101
In base 6, what is 33 - 1450451452?
-1450451415
In base 6, what is -2 + 35213?
35211
In base 13, what is -12 + -119c558?
-119c56a
In base 14, what is -1049 - -74a?
-6dd
In base 9, what is 2000486 + -5?
2000481
In base 8, what is 3 + 22512734?
22512737
In base 4, what is -3132 + -22312212003?
-22312221201
In base 10, what is -122155 - 37?
-122192
In base 11, what is -70147 - 1221?
-71368
In base 8, what is -1756 + 10366?
6410
In base 11, what is -5 + 5898256?
5898251
In base 8, what is -106 + 433723?
433615
In base 12, what is -8b + 42aa77?
42a9a8
In base 5, what is 320 + 112402121?
112402441
In base 14, what is 86887a6 - 4?
86887a2
In base 7, what is -246 - 43222?
-43501
In